Let c(m) = -16*m**2 - 3*m + 16. Let i(j) = c(j) + 5*n(j). What is i(-6)?
-12
Let z(k) = 5*k - 4*k - k + k. Let a(q) = q**2 + 19*q + 33. Let d be a(-16). Let w be (-12)/(-2) - d/(-5) - 1. Determine z(w).
2
Let j(p) = p**3 - 17*p**2 - 3*p + 21. Suppose 0 = 5*s + 4*y - 109, -2*s - y + 37 + 3 = 0. Give j(s).
-30
Let r(y) be the second derivative of -y**6/120 + 2*y**5/15 - y**4/3 + 4*y**3/3 - 27*y**2 - 7*y - 2. Let w(p) be the first derivative of r(p). Determine w(7).
1
Let k(n) = -93*n - 156. Let a(y) = 124*y + 156. Let s(f) = 2*a(f) + 3*k(f). Calculate s(-5).
-1
Suppose 8*i - 3*i = 165. Let b = i + -15. Let f(p) = -23*p**2 + 2*p - 3 - b*p**2 + 39*p**2 + p. What is f(2)?
-5
Let u(i) = -i**2 + 7*i - 7. Let f(s) = -6 - 12*s**2 - 9*s**2 + 27*s**2 - 13*s**2 + 8*s + s**3. Let t(d) = -3*d - 12. Let z be t(-6). Let y be f(z). Give u(y).
-1
Let n(z) = 2*z**2 - 2*z**3 + 5*z - 6 - 5*z**3 + 7*z**3 - 3*z**3 + 0. Calculate n(1).
-2
Let q(l) = 16*l**2 + 9*l + 14. Let d be q(-2). Suppose 4*t = d - 4. Let x(s) = -15 - t + 30 + 2*s. Calculate x(-2).
-3
Let h(a) = -3*a + 6. Suppose -5*v = -s + 5, 0 = -2*s - 5*v - 45 - 20. Let y = -4 - -29. Let r = s + y. Determine h(r).
-9
Suppose 2*s = 3 + 1. Let y(v) = v**3 + v - 2 + 5*v**2 + 0*v - 2 - v**s. Let l(d) = 5*d**2 + 26*d + 2. Let f be l(-5). Calculate y(f).
2
Let c(q) = -3*q**2 - 2*q - 3. Let r = 21 - 74. Let a = -36 - r. Let g = -19 + a. Give c(g).
-11
Let w be 272/(-40) - 2/10. Let f(p) be the second derivative of p**5/20 + 7*p**4/12 + p**3/6 + 7*p**2/2 + 5*p - 102. Calculate f(w).
0
Let r(l) = l**3 - 46*l**2 + 39*l + 274. Let i be r(45). Let g(o) be the second derivative of -o**5/20 + o**4/3 - o**3/6 + o**2/2 - 48*o. Calculate g(i).
-3
Let p(u) be the second derivative of 7/6*u**3 + 2*u**2 + 1/6*u**4 - 4*u + 0. Let w = 365 - 369. What is p(w)?
8
Let i(g) = -4*g + 9 - 18 + 11 + 2 - 13. Determine i(-9).
27
Let h = -138 + 153. Let j be 36/h - 8/20. Let l(x) = -2*x**3 - 2*x + 39*x**2 + 3*x - 40*x**2. Give l(j).
-18
Suppose 0 = 2*k - r - 41, 0 = 2*k + 40*r - 45*r - 53. Let h(w) = -5*w + 95. What is h(k)?
0
Let z(c) be the second derivative of 0 + 3/2*c**2 + 2/3*c**3 - 1/12*c**4 - 34*c. Suppose 2*t + 8 = -4*d, -4*d - t - 6 = 4. Determine z(d).
-18
Let r(l) = -l**3 + 12*l**2 + 26*l - 175. Let w be -19 + (-5070)/(-270) + 238/18. What is r(w)?
-6
Let p(z) = -2*z**2 + 66*z - 9. Let c be p(0). Let y(a) = -a**2 - 18*a - 66. Determine y(c).
15
Suppose 5*j = -5*h - 52 - 183, h - 3 = 0. Let b = -47 - j. Let w(v) = 73*v + 0 + b - 72*v. Determine w(3).
6
Let a(v) = -5*v - 5. Suppose n = 3*c + 7 - 9, 2*n + 3*c = -4. Give a(n).
5
Let l(i) = -2*i**3 - i**2 - 7*i - 1. Let c(r) = -57*r + 453. Let s be c(8). Give l(s).
65
Let t(k) = 8*k**2 - 3*k - 2. Let j(r) = -15*r**2 + 6*r + 3. Let w(o) = -3*j(o) - 5*t(o). Suppose 6*x + 3 = 3*m, -5*m = -75*x + 78*x - 31. Determine w(x).
15
Let r(d) = 6*d**2 - 38*d + 58. Let x be r(2). Let t(n) = -n**3 + 5*n**2 + 12*n - 28. Calculate t(x).
8
Let k(x) = -5*x + 11. Let j(f) = -4*f + 9. Let p(o) = -6*j(o) + 5*k(o). Let h be p(4). Let d(c) = c**2 + c - 2. Calculate d(h).
4
Let p(q) = q**3 + 8*q**2 + q + 4. Let w(r) = -50 + 4*r - 13*r + r**2 - 10*r. Let z be w(21). Give p(z).
-4
Suppose -31 = -2*p + 5*l, -p + 5*l + 37 = 3*p. Let h be 1/3 - (-5)/p. Let m(q) = -q + 1. Let o(j) = 1. Let y(i) = 4*m(i) - 6*o(i). Determine y(h).
-10
Let l(t) = 18*t**2 - 27*t + 4. Let o(d) = 8*d**2 - 13*d + 3. Suppose -13*m = -16 - 75. Let i(f) = m*o(f) - 3*l(f). Determine i(6).
21
Let c(a) = 8*a + 6. Let q(z) = -7*z - 5. Let l(w) = -6*c(w) - 7*q(w). Let x(n) = n**2 + n - 1. Let k = -14 + 16. Let g be x(k). Calculate l(g).
4
Let h(s) = 4*s**3 - 5*s**2 - 9. Let o be h(3). Let l = o + -52. Let y(f) = f**2 - f + 1. Let w(j) = -j**2 - 3*j + 4. Let g(p) = -w(p) + 4*y(p). Give g(l).
18
Let l(s) = 31 + 3*s - 163 + 27 + 66 - 4*s. What is l(-37)?
-2
Let q(h) = -h**3 + 5*h**2 + 7*h - 5. Let c be -64 - (-1 + (3 - 5)). Let b = c + 67. Calculate q(b).
1
Suppose 0 = -3*m - q - 9, 5*m = -0*q + 5*q + 5. Let j(c) = -2*c**3 + 3*c**2 + 2*c - 1. Let x be j(m). Let y(f) = x*f - 20*f - 2 + 0 - 4. Give y(4).
6
Suppose 0 = -5*x + 19 + 31. Suppose 0 = -i + 6*i + x. Let t(c) = -2*c + 19*c**2 + 12609 + 4*c - 6305 - 18*c**2 - 6303. Give t(i).
1
Suppose -442*a + 144 = -448*a. Let u be (-164)/a + (42/36)/7. Let x(n) be the second derivative of n**5/20 - 7*n**4/12 + 2*n**3/3 - 5*n**2 - n. Give x(u).
18
Suppose 16*q + 4 = 20*q. Let y(k) = -k - 2 + 3 + q. Let t be (-147)/(-63) - (-4)/6. Give y(t).
-1
Let a be (-4361)/(-392) - (-1)/(-8). Let o(z) = z - 9. Give o(a).
2
Let b(f) = -6*f + 18. Let c(m) = -5*m + 16. Let i(a) = 6*b(a) - 7*c(a). Let y be (-3)/(-6)*8/2. Let w = y - 5. Give i(w).
-1
Let m(t) be the second derivative of t**5/60 - 5*t**4/24 - t**3/2 - 161*t**2/2 + 19*t - 2. Let c(q) be the first derivative of m(q). Determine c(-3).
21
Let f(n) = 3*n - 4. Suppose 0 = -16*h + 15*h - 87. Let y = 93 + h. Let j be (16/y)/(20/30). What is f(j)?
8
Let h(q) = -60*q + 51. Suppose 0 = -y - f + 1, -2 = 2*y - 4*f - 4. What is h(y)?
-9
Let f(x) be the first derivative of -x**3/3 - 5*x**2/2 + 11*x + 2291. Let c = -5 - -7. Suppose 0*s + 2*s = 2, c*k + 5*s = -11. Give f(k).
-13
Let k(t) be the second derivative of t**7/840 - t**6/90 + t**5/24 - t**4/4 + 115*t**3/6 - 85*t. Let u(g) be the second derivative of k(g). Calculate u(5).
44
Let t(d) = 23*d**2 + d + 1. Suppose -g - 261 = 4*u, 2*g - u = -299 - 187. Let m = 244 + g. What is t(m)?
23
Let r(f) = 89*f - 445. Let h be r(5). Let t(a) be the third derivative of a**4/24 - 5*a**3/2 + a**2. Give t(h).
-15
Let j(k) be the second derivative of 0*k**4 - 1/20*k**5 - 1/3*k**3 - 195*k + k**2 + 0. Give j(2).
-10
Let q(p) = 75*p - 7. Let m be q(0). Let w(r) be the third derivative of -r**6/120 - r**5/10 + r**4/6 - 3*r**3/2 - r**2. Give w(m).
12
Let g(v) = -3*v + 6. Let r = 60 + -57. Suppose -2*l + 14 = -5*p, -9*l + 7*l + 14 = r*p. What is g(l)?
-15
Suppose -26*c - 9381 + 8653 = 0. Let s(n) = 41*n + 1153. What is s(c)?
5
Let c(h) = -26*h - 1. Let n(k) = 2*k**3 - 8*k**2 - 4*k + 5. Let w be n(-1). Give c(w).
25
Let t(p) = -16*p + 100. Let y(o) = 8*o - 53. Let f(d) = -4*t(d) - 7*y(d). Determine f(6).
19
Let c(n) = -7*n**3 + 4*n**2 + 14*n + 2062. Let k(y) = 13*y**3 - 8*y**2 - 27*y - 3780. Let j(l) = -11*c(l) - 6*k(l). Let t = -11 + 17. What is j(t)?
-26
Let h = -382 + 375. Let x(o) = -o. Let y(k) = 2*k + 5. Let w(c) = 2*x(c) - y(c). What is w(h)?
23
Let v(r) = -2*r**2 - 2*r. Suppose -9*z = -288 + 297. Let j(i) = -8*i - 10. Let q be j(z). What is v(q)?
-4
Let v(c) = 3713*c**2 - 3718*c**2 - 2*c**3 + 5*c**3 - 3*c + 1. Calculate v(-2).
-37
Let q(p) be the third derivative of -1/60*p**5 + 141*p**2 + 2/3*p**3 + 0*p - 11/24*p**4 + 0. Suppose 5*y - 33 = -88. Calculate q(y).
4
Let c = 225 + -177. Suppose -5*u = i + c - 14, -5*u = 4*i + 61. Let p(g) = g**3 + 8*g**2 - 12*g - 12. Determine p(i).
15
Let r(a) = -3*a**3 + 10*a**2 + 4*a + 2. Let w(n) = -3 - 1 + 4 - 47*n**2 + 45*n**2. Let p(s) = -r(s) - 4*w(s). What is p(-1)?
-3
Let d(j) = 10*j**3 + 5*j**2 + 0*j**3 - 26 + 25 - 8*j**3 + 2*j. Suppose 0 = -5*n - s - 66, -5*s + 20 = -4*n - 27. Let r = n + 10. Give d(r).
-16
Let f(p) = 8*p + 24. Suppose q = -4*t - 53, -51 = 5*t - 4*q + 31. Let y(z) = -2*z - 5. Let s(w) = t*y(w) - 3*f(w). Suppose -r - 8 = -5*r. Give s(r).
6
Let w(f) be the second derivative of 1/6*f**4 - 3/20*f**5 + 1/2*f**2 - 1/6*f**3 - 48 + 2*f. Determine w(2).
-17
Let k be (3/1)/(18/12). Let f(r) = 6*r**2 + 4*r - 9. Let t(j) = 9*j**2 + 5*j - 12. Let z(m) = 4*f(m) - 3*t(m). What is z(k)?
-10
Let m(r) = 6*r + 3. Suppose -b = -5*t + 3, -32*t + 37*t - 12 = 4*b. Suppose t = 10*n + 221 - 201. Determine m(n).
-9
Let o(h) be the second derivative of h**5/120 - h**4/24 + 9*h**3 - 4*h + 2. Let x(s) be the second derivative of o(s). Let c be (4 - 15/3) + -3. Give x(c).
-5
Let v(c) be the second derivative of -2*c**3 + 35*c**2/2 - 10*c + 172. Calculate v(11).
-97
Suppose 0 = 5*u - 0*u + 30. Let p(r) be the third derivative of -r**5/60 - r**4/6 + 17*r**3/6 - 377*r**2. Determine p(u).
5
Suppose -2*d + 12 = -3*p, 63*d - 4 = p + 62*d. Let q(o) = -2*o**2 + 7. What is q(p)?
-25
Let d(b) = -b - 9. Let a(l) = l**3 - 6*l**2 + 11*l - 8. Let o be a(6). Let r be o/18 - (2 + 16/(-9)). Suppose 5*f = -r*f. Calcula